of 152196286?
2, 11, 6918013
List the prime factors of 761796339.
3, 281, 903673
What are the prime factors of 34462943?
181, 190403
List the prime factors of 4458438.
2, 3, 247691
List the prime factors of 87588002.
2, 23, 1904087
List the prime factors of 1323576149.
7, 1031, 183397
List the prime factors of 99497720.
2, 5, 7, 269, 1321
What are the prime factors of 1203631355?
5, 240726271
List the prime factors of 230438.
2, 13, 8863
List the prime factors of 129319199.
317, 407947
List the prime factors of 329723160.
2, 3, 5, 13, 17, 12433
List the prime factors of 2317127052.
2, 3, 101, 719, 2659
List the prime factors of 2184442893.
3, 29, 157, 53309
List the prime factors of 474063532.
2, 31, 1789, 2137
List the prime factors of 5884955154.
2, 3, 13, 37, 226571
What are the prime factors of 25594030?
2, 5, 7, 11, 43, 773
List the prime factors of 3025064872.
2, 313, 431, 2803
What are the prime factors of 467919323?
71, 6590413
List the prime factors of 202214085.
3, 5, 31, 61, 7129
What are the prime factors of 1004871199?
29, 2081, 16651
What are the prime factors of 128087445?
3, 5, 8539163
List the prime factors of 102973889.
102973889
What are the prime factors of 1807070048?
2, 7, 8067277
List the prime factors of 6048803904.
2, 3, 11, 13, 151, 1459
List the prime factors of 12975202.
2, 449, 14449
List the prime factors of 160228650.
2, 3, 5, 1068191
List the prime factors of 36836303.
7, 5262329
What are the prime factors of 1978519879?
7, 2437, 115981
List the prime factors of 80642331.
3, 7, 11, 79, 491
List the prime factors of 109636143.
3, 37, 987713
List the prime factors of 2558854048.
2, 79964189
What are the prime factors of 3157480415?
5, 29, 223, 97649
What are the prime factors of 412812839?
412812839
What are the prime factors of 441683662?
2, 7, 53, 595261
List the prime factors of 70668091.
13, 5436007
What are the prime factors of 50452053?
3, 37, 89, 5107
List the prime factors of 72621828.
2, 3, 101, 19973
List the prime factors of 992962818.
2, 3, 55164601
List the prime factors of 565104011.
565104011
List the prime factors of 62326333.
1163, 53591
What are the prime factors of 444589?
444589
What are the prime factors of 226925482?
2, 7, 197, 82279
List the prime factors of 23164664.
2, 37, 78259
List the prime factors of 30104038.
2, 31, 67, 7247
List the prime factors of 29009810.
2, 5, 47, 61723
List the prime factors of 5184459965.
5, 1036891993
List the prime factors of 32186982.
2, 3, 23, 233239
List the prime factors of 4413061409.
59, 61, 1226191
List the prime factors of 170937897.
3, 13, 41, 106903
List the prime factors of 13277831.
7, 23, 82471
What are the prime factors of 749926319?
24077, 31147
List the prime factors of 93539005.
5, 7, 257, 10399
What are the prime factors of 520859426?
2, 19, 23, 595949
List the prime factors of 60215477.
7, 8602211
List the prime factors of 322796076.
2, 3, 23, 53, 22067
What are the prime factors of 249445152?
2, 3, 11, 71, 1109
What are the prime factors of 198177094?
2, 99088547
List the prime factors of 552617881.
29, 1193, 15973
What are the prime factors of 30026193?
3, 10008731
What are the prime factors of 11685931?
19, 32371
List the prime factors of 569572834.
2, 5639, 50503
List the prime factors of 368422825.
5, 19, 775627
What are the prime factors of 29307389?
61, 480449
What are the prime factors of 2838163?
19, 149377
List the prime factors of 73716907.
11, 6701537
What are the prime factors of 277565522?
2, 13, 10675597
What are the prime factors of 405195184?
2, 61, 415159
List the prime factors of 109758723.
3, 191, 191551
List the prime factors of 681849106.
2, 41, 967, 8599
List the prime factors of 4172154685.
5, 31, 2699, 9973
List the prime factors of 1722739935.
3, 5, 7, 16407047
What are the prime factors of 714614283?
3, 79401587
List the prime factors of 29863834.
2, 7, 11, 13, 2131
List the prime factors of 47387745.
3, 5, 1053061
What are the prime factors of 58444525?
5, 43, 54367
List the prime factors of 2315249201.
107, 281, 77003
List the prime factors of 49078680.
2, 3, 5, 7, 58427
List the prime factors of 438328275.
3, 5, 7, 11, 1549
What are the prime factors of 1755665197?
11, 13, 12277379
What are the prime factors of 327413395?
5, 23, 43, 73, 907
What are the prime factors of 59919086?
2, 293, 102251
List the prime factors of 61375153.
7, 197, 44507
What are the prime factors of 3102248383?
13, 17, 14037323
What are the prime factors of 13135597?
43, 305479
List the prime factors of 236066705.
5, 7, 31, 217573
What are the prime factors of 17183749?
11, 1562159
What are the prime factors of 1779758936?
2, 61, 907, 4021
What are the prime factors of 654125841?
3, 53, 331, 1381
What are the prime factors of 89928942?
2, 3, 23, 29, 977
What are the prime factors of 667739719?
17, 39278807
What are the prime factors of 879343191?
3, 29, 3369131
List the prime factors of 6640929825.
3, 5, 88545731
List the prime factors of 788919561.
3, 17, 521, 3299
List the prime factors of 9353023615.
5, 13, 11068667
List the prime factors of 366521537.
23, 337, 47287
What are the prime factors of 30747155?
5, 53, 116027
What are the prime factors of 252843431?
17, 19, 29, 26993
What are the prime factors of 1737183684?
2, 3, 2347, 61681
List the prime factors of 41731199.
43, 970493
What are the prime factors of 38932612?
2, 127, 173, 443
What are the prime factors of 189740017?
1069, 177493
What are the prime factors of 43207506?
2, 3, 17, 29, 541
List the prime factors of 58273205.
5, 307, 37963
List the prime factors of 1994842843.
7, 149, 1912601
What are the prime factors of 5127101?
7, 797, 919
What are the prime factors of 4849245445?
5, 11, 47, 127, 14771
List the prime factors of 391230190.
2, 5, 13, 131, 22973
What are the prime factors of 561644087?
2333, 240739
What are the prime factors of 14975113?
17, 51817
What are the prime factors of 2622949034?
2, 127, 10326571
What are the prime factors of 259477142?
2, 129738571
What are the prime factors of 397968761?
2243, 177427
List the prime factors of 69122817.
3, 19, 151, 2677
What are the prime factors of 944214769?
43, 53, 414311
List the prime factors of 213242100.
2, 3, 5, 37, 19211
List the prime factors of 14903112.
2, 3, 7, 43, 2063
What are the prime factors of 40467605?
5, 1301, 6221
What are the prime factors of 4944545917?
59, 83805863
List the prime factors of 7126811997.
3, 149, 15943651
What are the prime factors of 83288475?
3, 5, 31, 11941
List the prime factors of 128212245.
3, 5, 7, 407023
What are the prime factors of 27295544?
2, 3411943
List the prime factors of 3090663614.
2, 17, 19, 43, 111263
What are the prime factors of 4140816146?
2, 3163, 654571
What are the prime factors of 585475265?
5, 1069, 109537
List the prime factors of 1736711596.
2, 434177899
What are the prime factors of 39832123?
39832123
List the prime factors of 15783693.
3, 1877, 2803
List the prime factors of 171924595.
5, 727, 47297
What are the prime factors of 5743536022?
2, 7, 193, 2125661
What are the prime factors of 106053844?
2, 13, 173, 11789
What are the prime factors of 77681464?
2, 7, 53, 3739
List the prime factors of 82448317.
7, 17, 73, 9491
List the prime factors of 40569587.
3217, 12611
What are the prime factors of 396522519?
3, 31, 4263683
What are the prime factors of 201732453?
3, 13, 1724209
List the prime factors of 13251970.
2, 5, 1325197
What are the prime factors of 4119261156?
2, 3, 1412641
List the prime factors of 216180069.
3, 7, 1297, 7937
List the prime factors of 1099573264.
2, 101, 811, 839
What are the prime factors of 2901073891?
241, 3413, 3527
List the prime factors of 199699417.
199699417
List the prime factors of 334064768.
2, 373, 6997
What are the prime factors of 377944609?
7, 149, 362363
What are the prime factors of 166321056?
2, 3, 11, 239, 659
What are the prime factors of 581114663?
617, 941839
What are the prime factors of 535396941?
3, 3583, 16603
List the prime factors of 6541590.
2, 3, 5, 11, 43, 461
What are the prime factors of 69671810?
2, 5, 13, 535937
What are the prime factors of 19909587?
3, 19, 349291
List the prime factors of 20177325.
3, 5, 7, 23, 557
What are the prime factors of 31166232?
2, 3, 19, 41, 1667
What 